g. What is the remainder when 1089 is divided by g?
0
Let c = 2618 - 2516. What is the remainder when 152 is divided by c?
50
What is the remainder when 2153 is divided by ((-2146)/(-8))/((-1)/(-8))?
7
Suppose -150 = 5*b - 300. Let j(k) = k**3 - 10*k**2 - k - 15. Let s(g) = g. Let h(o) = j(o) - 4*s(o). What is the remainder when h(11) is divided by b?
21
Suppose 7*k + 3*n = 2*k + 2357, k - 5*n = 505. What is the remainder when k is divided by 153?
16
Let s = -31382 - -31422. Let a(k) = -47*k - 5. What is the remainder when a(-6) is divided by s?
37
Let c = 52 - 48. Suppose c*x + 49 = -39. Calculate the remainder when x/((-38)/20 - 12/(-8)) is divided by 19.
17
Let u = -1004 + 1224. What is the remainder when 683 is divided by u?
23
What is the remainder when 178 is divided by 6/378*-14 - (-371)/9?
14
What is the remainder when 1756 is divided by (-49900)/(-390) + (-4)/(-78)?
92
Let c(r) = r**3 - 10*r**2 - r + 22. Let a be 6/(-5)*(-260)/(-39). Let t be a/(-3)*(-45)/(-12). What is the remainder when c(t) is divided by 5?
2
Suppose -2*r + 1237 = 433. Let y = r + -271. Calculate the remainder when y is divided by 67.
64
Let i(f) = 3*f**3 - 6*f**2 + 3*f - 3. Let s(a) = 4*a**3 - 5*a**2 + 2*a - 2. Let k(c) = -6*i(c) + 7*s(c). What is the remainder when 37 is divided by k(1)?
4
Let u(v) = 838*v + 7544. What is the remainder when 47 is divided by u(-9)?
1
Let w = 57 + -58. Suppose 3*z - 388 = -0*z - 4*f, 5*z + 2*f - 656 = 0. What is the remainder when ((-44)/z)/((1/w)/81) is divided by 15?
12
Let b(w) = 9*w - 32. Let s be b(-4). Let g = s - -71. Calculate the remainder when 1/(g*(-2)/(-66)) is divided by 7.
4
What is the remainder when 2*((-134500)/40)/(-5) is divided by 267?
10
Suppose -5*w + n + 2190 = 0, 284 = 3*w - n - 1030. Calculate the remainder when 967 is divided by w.
91
Suppose -336 = -46*o + 32*o. Suppose -31 - 401 = -o*g. What is the remainder when 195 is divided by g?
15
Let b = 3216 + -3168. Calculate the remainder when 501 is divided by b.
21
Suppose 7*o - 2*o + 10 = 0. Let h be (-5 - o)/((-12)/(-204)). Calculate the remainder when 99 is divided by ((-10)/15)/(103/h - -2).
31
Let x(n) = -28*n - 36. Let f(j) = j - 68. Let v be f(0). Let q = 102 + v. What is the remainder when x(-6) is divided by q?
30
Calculate the remainder when 406 is divided by (30/50)/((-24)/(-4280)).
85
Let q be (-20)/(-50) + (-10)/25. Suppose -3*n + 2*m = -71 - 191, q = 3*n + 4*m - 250. What is the remainder when n is divided by 29?
28
What is the remainder when -5*(8 + (-963)/45) is divided by 624/60 - 2/5?
7
Suppose -3*b + 977 = -223. Suppose 9*x - 29*x = -b. Calculate the remainder when x is divided by 8.
4
Let z be (8/(-14))/(3/(-21)). Calculate the remainder when 128 is divided by ((-564)/z)/(-3)*1.
34
Suppose -16*g = -5*j - 20*g + 2748, 10 = 5*g. Calculate the remainder when j is divided by 11.
9
Suppose 2369 = 2*r + 4*t - 8269, -2*r + t + 10668 = 0. What is the remainder when r is divided by 124?
123
Let c = 8930 - 8899. What is the remainder when 405 is divided by c?
2
Calculate the remainder when (-32)/28 - 427340/(-322) is divided by 85.
51
What is the remainder when (-46)/6*-58 + 4/(-6) is divided by 76?
64
What is the remainder when 53726 is divided by (1 + 0)*6 - 7*(33 + -34)?
10
Let r = 162 - 63. Suppose 3*f + 20 = t, -9*t - 3*f = -13*t + 125. What is the remainder when r is divided by t?
29
Suppose 33*c = 31*c - 4. Let t(f) = 39*f**3 + f**2 - 5*f - 4. Let q be t(c). Calculate the remainder when q/(-8) - (-15)/(-20) is divided by 20.
17
Suppose 54 = -3*y - 51. Let j = -32 - y. Suppose 0*q - j*q = r - 5, -3*q + 16 = 2*r. What is the remainder when r is divided by 5?
1
Let s = 38177 + -38091. What is the remainder when 1005 is divided by s?
59
Let i = 786 - 720. Calculate the remainder when 197 is divided by i.
65
Let t(a) = -39*a + 2. Let n(o) = 3*o + 18. Let u be n(-5). Let k(b) = 38*b - 3. Let y(r) = u*t(r) + 2*k(r). Calculate the remainder when y(-2) is divided by 21.
19
Suppose -24*v + 352 + 4616 = 0. Calculate the remainder when v is divided by 204.
3
Suppose 3*a + 42*x = 46*x + 2138, a + 3*x = 691. Calculate the remainder when a is divided by 176.
2
Suppose -2*z + 149 = -85. What is the remainder when z is divided by -254 + 305 - (17 - -1)?
18
Let k = 38 - 2. Suppose -20*o - 6581 - 5359 = 0. Let d = -584 - o. What is the remainder when k is divided by d?
10
Suppose u - 10*u = 59*u - 5*u - 1512. Let v(i) = 4*i**2 + 7*i + 3. What is the remainder when v(6) is divided by u?
21
Calculate the remainder when 1481 is divided by (-17)/(2057/(-22484)) - (-4)/22.
179
Calculate the remainder when 0 + 2/14 + 35505/189 is divided by 109.
79
Let d(a) be the third derivative of -a**6/120 + a**5/12 + a**4/6 + 7*a**3/6 + 7*a**2. What is the remainder when d(5) is divided by (0 - -4)*(-2 - (-45)/12)?
6
Let z be (-4 - -2) + -1 - -231. Let l be ((-30)/(-9))/((-6)/(-9)). Suppose l*k - 5*h = 255, h + h - z = -4*k. Calculate the remainder when k is divided by 15.
10
Suppose 523 = 29*j - 231. Calculate the remainder when 118 is divided by j.
14
Suppose 3*h = -4*y + 1290, 42*y = h + 39*y - 456. What is the remainder when h is divided by 158?
122
Let j = -3270 - -3305. Calculate the remainder when j is divided by 18.
17
Suppose 176*k - 172*k = 0. What is the remainder when 478 is divided by k + (-8)/16*-24?
10
Let r(o) = 3*o**2 - 2*o - 23. Let q be r(-6). Suppose -7 = 6*z - q. Calculate the remainder when 132 is divided by z.
12
Let l(p) = 1 - 2 + 5*p - 4*p + 0*p. Suppose 0 = 13*h + 3*h - 624. What is the remainder when h is divided by l(11)?
9
Suppose 3*p - 2*n = 111 - 11, 0 = 3*p - n - 95. Suppose 0 = h + 4*h - 15. Let k(r) = 8*r - 3. Calculate the remainder when p is divided by k(h).
9
Let l(p) = -p**3 - 2*p**2 + 32*p + 100. Calculate the remainder when 157 is divided by l(-5).
7
What is the remainder when (-1 + -11)/(50 - 53) + 1891 is divided by 6?
5
Let i = -123 - -138. Suppose 22*w - 1442 = i*w. Calculate the remainder when w is divided by 21.
17
Suppose 4*y - 3219 = j, 68*j - 4017 = -5*y + 70*j. What is the remainder when y is divided by 162?
159
Let c be 16/(-8) + (-1 - -1). Let y(r) = 3*r + 15. Let o(a) = a + 2. Let t(m) = -14*o(m) + 2*y(m). What is the remainder when 107 is divided by t(c)?
17
Let d(i) = -7*i**2 + 294*i - 506. Let u(r) = r**2 - 4*r - 4. Calculate the remainder when d(40) is divided by u(6).
6
Let u be (-38)/(-4)*(37 - 35). Suppose -30*x = -29*x - u. Calculate the remainder when 34 is divided by x.
15
Suppose 2*r - 4*h - 31 = -3*r, 5*r = -4*h - 1. Let t(d) = -r*d - 4 + 2*d + 3 + 0. What is the remainder when 8 is divided by t(-4)?
2
Let d(n) = n**2 - 275*n + 2699. What is the remainder when 90 is divided by d(10)?
41
Let d be 4/6 + (-4)/6. Suppose -6*k + k + 625 = d. What is the remainder when k is divided by (36/30 - (-3558)/210) + 87/(-609)?
17
Let g = -61 + 97. Calculate the remainder when 135 - (5/5)/(((-5)/15)/(70/30)) is divided by g.
34
Calculate the remainder when 227 is divided by -2 - 16/(-9) - (-76220)/1332.
56
Let c(s) = s**3 + 11*s**2 - 14*s - 109. What is the remainder when c(-9) is divided by (0 - 7)/(3/(-6))?
11
Let r(u) be the second derivative of -3*u - 1/2*u**2 + 0 + 0*u**3 + 10*u**4. What is the remainder when r(-1) is divided by 20?
19
What is the remainder when 869 is divided by (7 + -8)/((-21)/378)?
5
Let b(f) = f**2 - 17*f - 83. Let m be b(-4). What is the remainder when 115 is divided by ((-7 - -3) + m)*(-12 - 1)?
37
Let f = 32 + -20. Let z = -360 - -364. Suppose 2*j - 190 = -4*r, -8*r = -5*r + z*j - 150. Calculate the remainder when r is divided by f.
10
Let n(l) = 11*l**2 - 425*l - 57. Let z = 372 + -265. Calculate the remainder when z is divided by n(39).
8
Suppose 0 = -22*s + 19*s + 6. Let l(y) = 36 - s*y - 3*y - 10. What is the remainder when l(-5) is divided by 27?
24
Let o(r) = 2*r**2 - 37*r - 41. Let c(l) = -2*l**2 + 38*l + 41. Let p(b) = 2*c(b) + 3*o(b). Calculate the remainder when 48 is divided by p(19).
0
Suppose 0 = 5*n - 4*m + 428, -17*m + 19*m = n + 82. Let f = 237 + n. What is the remainder when f is divided by 64?
21
Suppose y - 25 - 4 = 0. Suppose 5*m = 5*w - 205, 2*m - 24 = -w + y. What is the remainder when w is divided by (-92)/(-6) + 14/21?
13
Let z(w) = -2*w**2 + 47*w + 280. Calculate the rema